02926*n + 617537. Calculate d(6).
-19
Let q(o) = -192*o**2 - 7103*o + 31. Give q(-37).
-6
Let j(i) = -156*i - 1564. Give j(-10).
-4
Let o(z) = -8457*z - 414410. Calculate o(-49).
-17
Let r(p) = -p**3 - 118*p**2 + 267*p + 3301. Give r(-120).
61
Let k(u) = -2*u**2 - 12*u + 963. Calculate k(24).
-477
Let l(w) = 2*w**3 - 383*w**2 - 264*w + 13833. Give l(192).
9
Let f(d) = 2*d**3 + 73*d**2 + 390*d + 173. Give f(-28).
2581
Let u(g) = 502*g**2 - 1471*g - 6. What is u(3)?
99
Let y(r) = r**3 + 55*r**2 - 129*r + 2633. Calculate y(-58).
23
Let x(t) = 32*t**3 - 172*t**2 + 52*t + 492. Give x(4).
-4
Let g(v) = 153*v**2 - 774*v + 70. Give g(5).
25
Let g(u) = 8*u**2 - 224*u + 1501. What is g(16)?
-35
Let u(s) = s**3 + 130*s**2 - 378*s - 32374. Calculate u(-131).
-17
Let t(l) = -3*l**2 - 512*l - 447. Determine t(-167).
1390
Let g(z) = -z**2 - 2913*z + 112151. Calculate g(38).
13
Let g(s) = -16879*s - 168793. Give g(-10).
-3
Let l(v) = -v**3 - 277*v**2 + 669*v - 47872. Give l(-280).
8
Let m(x) = -3*x**3 - 361*x**2 - 1842*x - 41. Calculate m(-115).
189
Let x(d) = -8*d**2 - 372*d + 15108. Calculate x(-70).
1948
Let v(z) = -z**2 + 26292*z + 263027. Give v(-10).
7
Let w(k) = -52*k**2 + 520*k - 541. Give w(9).
-73
Let h(m) = 9647*m + 299011. Determine h(-31).
-46
Let j(p) = p**3 - 1130*p**2 + 12398*p - 983. Give j(11).
-4
Let r(n) = 10*n**2 - 631*n - 3091. Calculate r(68).
241
Let j(l) = -5215*l - 803107. What is j(-154)?
3
Let m(j) = -j**3 + 3*j**2 - 8*j + 682. Give m(11).
-374
Let a(h) = 309*h - 2833. Determine a(12).
875
Let s(y) = -y**3 - 36*y**2 + 323*y + 3075. Calculate s(-42).
93
Let j(y) = y**2 + 490*y - 62559. What is j(105)?
-84
Let i(d) = -d**3 - 1989*d - 76. Give i(0).
-76
Let v(k) = 69*k**3 - 3*k**2 + 16*k - 7. Calculate v(0).
-7
Let j(d) = -25*d**3 + 6*d**2 - 16*d - 48. Determine j(-2).
208
Let i(d) = d**3 + 30*d**2 - 4610*d - 77. Give i(-85).
-5602
Let d(f) = 377*f - 67506. What is d(179)?
-23
Let b(k) = 308*k + 7814. Calculate b(-25).
114
Let d(h) = -8178*h + 130846. What is d(16)?
-2
Let r(m) = 849*m - 71297. Determine r(84).
19
Let y(q) = 2*q**2 + 1058*q + 7301. What is y(-7)?
-7
Let u(y) = -2*y**2 + 225*y - 1405. Give u(7).
72
Let v(n) = n**2 + 69*n - 8419. What is v(-134)?
291
Let u(i) = -i**2 + 463*i - 3587. Calculate u(8).
53
Let g(m) = -18*m**2 - 425*m - 2175. Calculate g(-18).
-357
Let v(u) = 10180*u + 61087. Give v(-6).
7
Let n(x) = x**2 + 45*x - 612. Calculate n(-58).
142
Let x(m) = m**2 - 33*m - 499. What is x(-15)?
221
Let m(u) = u**3 + 132*u**2 + 108*u - 3014. Calculate m(-131).
-1
Let x(d) = -56664*d + 340133. Calculate x(6).
149
Let k(f) = 16*f**2 + 1677*f + 6022. Give k(-101).
-139
Let b(j) = 55524*j - 666305. Calculate b(12).
-17
Let s(p) = p**3 + 84*p**2 - 92*p - 185. What is s(-85)?
410
Let i(g) = 35*g**3 - 13*g**2 - 74*g - 83. Give i(-3).
-923
Let j(u) = -26*u**2 - 125*u + 944. Calculate j(8).
-1720
Let b(a) = 290*a**2 - 167*a + 256. Determine b(4).
4228
Let k(o) = 3*o**3 + 5*o**2 - 629*o - 3312. Calculate k(-6).
-6
Let a(c) = 341747*c + 341764. Calculate a(-1).
17
Let v(n) = -24*n**2 - 434*n - 1859. Calculate v(-7).
3
Let r(g) = -g**2 + 277*g - 8800. What is r(33)?
-748
Let l(t) = t**2 - 299*t - 55801. Determine l(428).
-589
Let x(d) = -2*d**2 + 5940*d - 76. Give x(0).
-76
Let j(a) = 7*a**3 + 248*a**2 + 105*a + 13. Give j(-35).
13
Let w(y) = -39*y - 3482. Calculate w(-45).
-1727
Let i(u) = u**3 + 3*u**2 + 20093*u - 80382. Give i(4).
102
Let g(k) = 316*k - 17088. Give g(53).
-340
Let j(l) = 410*l + 73072. Determine j(-186).
-3188
Let x(m) = 3*m**2 + 1195*m - 140573. Calculate x(95).
27
Let z(i) = 2*i**3 + 87*i**2 + 97*i + 2233. Give z(-43).
-89
Let j(y) = -16428*y - 49301. Calculate j(-3).
-17
Let k(x) = -31*x**2 + 80*x - 476. Determine k(5).
-851
Let o(t) = 42*t**2 + 990*t + 1979. Determine o(-2).
167
Let p(h) = h**3 + 44*h**2 - 89*h - 410. What is p(-5)?
1010
Let j(c) = -100*c**3 - 7*c**2 + 93*c + 194. Give j(-2).
780
Let y(k) = 2221*k - 570347. What is y(257)?
450
Let d(c) = c**3 - 94*c**2 + 518*c + 508. Calculate d(88).
-372
Let g(y) = -y**3 + 63*y**2 - 404*y + 830. Give g(56).
158
Let y(p) = -2*p**2 + 374*p - 1421. Determine y(4).
43
Let m(q) = q**3 + 93*q**2 - 1061*q - 3125. Calculate m(-103).
68
Let h(u) = -42258*u + 1436764. Give h(34).
-8
Let l(z) = 1317*z - 18396. Calculate l(14).
42
Let c(s) = 421*s + 9579. Determine c(-22).
317
Let h(c) = c**3 - 1156*c**2 + 48929*c - 1118. Give h(1112).
-6
Let s(k) = -16*k**2 + 189*k - 101. Determine s(7).
438
Let r(m) = 2050*m + 14451. Determine r(-7).
101
Let k(q) = q**3 - 24*q**2 + 121*q + 20. What is k(20)?
840
Let h(x) = 10342*x + 475940. Calculate h(-46).
208
Let n(v) = -987*v + 2949. Determine n(3).
-12
Let b(m) = -3242*m + 13009. What is b(4)?
41
Let g(r) = -1752*r + 14014. Calculate g(8).
-2
Let s(i) = -1188*i + 883869. What is s(744)?
-3
Let c(s) = 3764*s - 8024. Calculate c(2).
-496
Let b(c) = -499*c - 6554. What is b(-13)?
-67
Let h(a) = -1473*a + 41685. Calculate h(27).
1914
Let r(s) = 1217*s + 283460. Calculate r(-233).
-101
Let n(g) = -727522*g + 10185309. What is n(14)?
1
Let m(a) = a**3 - 111*a**2 + 803*a - 247. Calculate m(103).
-2410
Let b(u) = -u**3 + 16*u**2 + 1995*u - 6104. Calculate b(3).
-2
Let x(k) = -17*k**3 - 127*k**2 - 10*k + 2. What is x(-3)?
-652
Let t(r) = 3*r**2 + 3066*r + 556301. Calculate t(-786).
-187
Let p(d) = 373*d + 5835. Determine p(-16).
-133
Let l(r) = -2288*r + 498853. Determine l(218).
69
Let g(j) = 162*j - 25707. What is g(159)?
51
Let h(b) = -b**3 + 190*b**2 - 5893*b + 678. What is h(151)?
74
Let l(q) = 20865*q - 938888. Give l(45).
37
Let u(j) = -j**2 - 20592*j - 2049172. Calculate u(-100).
28
Let t(w) = 2*w**2 + 830*w + 85185. Give t(-229).
-3
Let c(i) = -2922*i - 23294. Determine c(-8).
82
Let b(i) = i**3 - 41*i**2 - 60870*i + 9112. Determine b(268).
0
Let i(x) = -43*x**2 - 380*x - 1. Give i(2).
-933
Let f(y) = 23*y**2 - 1086*y - 879. Determine f(48).
-15
Let o(n) = -43760*n - 5995083. Determine o(-137).
37
Let z(j) = j**2 + 3484*j - 1392252. Determine z(362).
0
Let v(i) = 3*i**2 - 143*i - 5404. What is v(-28)?
952
Let q(j) = 2*j**2 + 44*j - 22723. What is q(96)?
-67
Let i(g) = g**2 + 5398*g + 26971. What is i(-5)?
6
Let x(q) = q**2 - 44*q - 302. What is x(43)?
-345
Let q(t) = 10688*t - 64125. Determine q(6).
3
Let b(v) = 5879*v + 182271. Calculate b(-31).
22
Let v(j) = 1265*j - 7587. Give v(6).
3
Let q(w) = w**3 + 79*w**2 - 183*w - 1958. Determine q(6).
4
Let g(n) = n**2 + 979*n - 71198. Give g(68).
-2
Let j(i) = -70*i**2 - 50*i + 280. Calculate j(0).
280
Let x(h) = 2*h**3 + 33*h**2 + 102*h - 119. Give x(-6).
25
Let m(i) = 309*i + 30335. Give m(-98).
53
Let o(g) = 5*g**2 - 27977*g - 279769. Calculate o(-10).
501
Let l(x) = -18*x**2 - 3050*x + 214956. Give l(-223).
-16
Let h(a) = -2*a**3 + 117*a**2 - 650*a - 25. Determine h(6).
-145
Let s(d) = 60*d**3 + 1132*d**2 + 5195*d + 7. Determine s(-11).
-26
Let w(s) = -s**3 - 8*s**2 + 320*s + 1589. Calculate w(-20).
-11
Let q(o) = -474*o - 16126. What is q(-34)?
-10
Let p(k) = -363169*k - 3994856. Give p(-11).
3
Let z(w) = -24*w**2 - 879*w - 1480. What is z(-35)?
-115
Let a(y) = 20*y**3 - 20*y**2 + 19*y - 68. Give a(5).
2027
Let v(c) = -2*c**3 + 147*c**2 - 58*c - 796. Determine v(73).
299
Let j(m) = -2*m**3 - 107*m**2 + 986*m + 8. What is j(8)?
24
Let q(o) = 211*o**2 + 189*o + 638. What is q(-4)?
3258
Let k(c) = 6*c**2 + 2326*c + 11536. What is k(-5)?
56
Let h(o) = 4198*o - 486950. Give h(116).
18
Let u(g) = -g**2 - 2758*g + 439272. Determine u(151).
13
Let b(t) = -4*t**3 - 106*t**2 - 383*t + 156. Determine b(-22).
-130
Let x(z) = 26787*z - 6750312. Determine x(252).
12
Let j(v) = -v**3 + 135*v**2 + 277*v - 524. Determine j(137).
-113
Let h(d) = 115695*d - 231277. Calculate h(2).
113
Let a(s) = s**2 + 645*s + 32942. What is a(-56)?
-42
Let y(k) = k**3 + 60*k**2 + 14*k - 18931. Calculate y(-53).
-10
Let k(h) = h**3 + 40*h**2 + 149*h + 390. What is k(-39)?
-3900
Let y(o) = -3*o**3 + 6*o**2 + 99*o - 696. Give y(6).
-534
Let h(p) = -p**2 - 49*p + 1165. Calculate h(-62).
359
Let q(o) = -o**3 - 431*o**2 + 4071*o + 48868. What is q(-440)?
28
Let d(x) = -x**3 - 96*x**2 + 3471*x - 209. Calculate d(-124).
-85
Let q(n) = -n**2 + 16343*n - 114328. Determine q(7).
24
Let s(g) = -295591*g + 8867729. What 